 are the prime factors of 685010?
2, 5, 68501
List the prime factors of 1203482.
2, 7, 31, 47, 59
List the prime factors of 9407677.
9407677
List the prime factors of 222713.
222713
What are the prime factors of 19362220?
2, 5, 968111
What are the prime factors of 9448828?
2, 73, 32359
What are the prime factors of 2939881?
7, 457, 919
List the prime factors of 12911165.
5, 19, 23, 311
List the prime factors of 1032704.
2, 2017
What are the prime factors of 18395357?
43, 419, 1021
List the prime factors of 141034.
2, 151, 467
List the prime factors of 231955.
5, 23, 2017
What are the prime factors of 992297?
421, 2357
What are the prime factors of 381258?
2, 3, 59, 359
What are the prime factors of 2188955?
5, 89, 4919
What are the prime factors of 254510?
2, 5, 31, 821
What are the prime factors of 3769805?
5, 13, 59, 983
List the prime factors of 917270.
2, 5, 29, 3163
List the prime factors of 289685.
5, 11, 23, 229
What are the prime factors of 4276246?
2, 13, 164471
What are the prime factors of 2104671?
3, 37, 67, 283
List the prime factors of 2748195.
3, 5, 20357
What are the prime factors of 332335?
5, 66467
List the prime factors of 36749.
36749
What are the prime factors of 10366106?
2, 67, 77359
What are the prime factors of 131042?
2, 65521
What are the prime factors of 142716?
2, 3, 7, 1699
List the prime factors of 552027.
3, 7, 97, 271
What are the prime factors of 6119074?
2, 13, 235349
List the prime factors of 108540.
2, 3, 5, 67
What are the prime factors of 257550?
2, 3, 5, 17, 101
What are the prime factors of 441990?
2, 3, 5, 1637
List the prime factors of 18731553.
3, 421, 14831
List the prime factors of 2812800.
2, 3, 5, 293
List the prime factors of 3081607.
17, 10663
List the prime factors of 4562384.
2, 47, 6067
List the prime factors of 378164.
2, 94541
What are the prime factors of 18418966?
2, 101, 91183
List the prime factors of 37158.
2, 3, 11, 563
List the prime factors of 15014048.
2, 7, 97, 691
What are the prime factors of 66193?
37, 1789
What are the prime factors of 13420777?
1709, 7853
What are the prime factors of 8164443?
3, 7, 139, 2797
What are the prime factors of 19289913?
3, 37, 173783
List the prime factors of 247845.
3, 5, 13, 31, 41
List the prime factors of 3062568.
2, 3, 127607
What are the prime factors of 1935622?
2, 13, 109, 683
What are the prime factors of 14080124?
2, 173, 20347
List the prime factors of 3832.
2, 479
What are the prime factors of 3250064?
2, 19, 10691
What are the prime factors of 728868?
2, 3, 7, 8677
List the prime factors of 3407374.
2, 1703687
List the prime factors of 17698851.
3, 113, 5801
What are the prime factors of 18689839?
7, 2669977
What are the prime factors of 1752624?
2, 3, 4057
List the prime factors of 229776.
2, 3, 4787
What are the prime factors of 1507523?
73, 107, 193
List the prime factors of 1824152.
2, 11, 19, 1091
What are the prime factors of 11786?
2, 71, 83
List the prime factors of 191262.
2, 3, 127, 251
What are the prime factors of 131945?
5, 11, 2399
List the prime factors of 7529157.
3, 836573
What are the prime factors of 78918?
2, 3, 7, 1879
List the prime factors of 4452132.
2, 3, 577, 643
What are the prime factors of 657033?
3, 13, 17, 991
List the prime factors of 155800.
2, 5, 19, 41
List the prime factors of 1014004.
2, 253501
What are the prime factors of 560417?
11, 13, 3919
List the prime factors of 3280012.
2, 383, 2141
What are the prime factors of 245397?
3, 81799
List the prime factors of 1898697.
3, 491, 1289
List the prime factors of 429275.
5, 7, 11, 223
List the prime factors of 263298.
2, 3, 7, 6269
List the prime factors of 24550993.
3371, 7283
List the prime factors of 1154260.
2, 5, 57713
List the prime factors of 4484847.
3, 1061, 1409
What are the prime factors of 2178916?
2, 83, 6563
List the prime factors of 26631229.
26631229
List the prime factors of 23967738.
2, 3, 147949
What are the prime factors of 320189?
29, 61, 181
List the prime factors of 513162.
2, 3, 13, 17, 43
What are the prime factors of 13192472?
2, 1649059
What are the prime factors of 1862019?
3, 19, 10889
What are the prime factors of 190971?
3, 11, 643
List the prime factors of 3989761.
3989761
What are the prime factors of 1260340?
2, 5, 29, 41, 53
What are the prime factors of 378430?
2, 5, 13, 41, 71
What are the prime factors of 84262?
2, 42131
What are the prime factors of 3753480?
2, 3, 5, 31, 1009
What are the prime factors of 120082?
2, 60041
List the prime factors of 12871559.
23, 559633
What are the prime factors of 470604?
2, 3, 39217
List the prime factors of 2379005.
5, 23, 137, 151
What are the prime factors of 31366690?
2, 5, 29, 108161
What are the prime factors of 2205200?
2, 5, 37, 149
List the prime factors of 2152589.
2152589
List the prime factors of 247761.
3, 27529
List the prime factors of 434059.
277, 1567
List the prime factors of 1704657.
3, 41, 13859
List the prime factors of 40390770.
2, 3, 5, 7, 19, 53, 191
What are the prime factors of 125965?
5, 7, 59, 61
What are the prime factors of 26639799?
3, 17, 229, 2281
What are the prime factors of 96762?
2, 3, 16127
What are the prime factors of 124026?
2, 3, 7, 2953
What are the prime factors of 17278521?
3, 13, 443039
What are the prime factors of 3766313?
19, 10433
List the prime factors of 116722.
2, 17, 3433
What are the prime factors of 1428484?
2, 23, 15527
List the prime factors of 293081.
293081
List the prime factors of 11399860.
2, 5, 17, 33529
List the prime factors of 18402044.
2, 239, 19249
List the prime factors of 4777716.
2, 3, 398143
What are the prime factors of 9210691?
7, 41, 67, 479
What are the prime factors of 936443?
139, 6737
List the prime factors of 3013874.
2, 23, 65519
What are the prime factors of 277211?
11, 29, 79
What are the prime factors of 4356199?
17, 151, 1697
List the prime factors of 88317.
3, 3271
List the prime factors of 221875.
5, 71
What are the prime factors of 6185213?
31, 199523
What are the prime factors of 120876?
2, 3, 7, 1439
List the prime factors of 1101679.
683, 1613
What are the prime factors of 558684?
2, 3, 7, 739
What are the prime factors of 12401?
12401
List the prime factors of 401608.
2, 17, 2953
What are the prime factors of 302431?
193, 1567
What are the prime factors of 158229?
3, 17581
List the prime factors of 514354.
2, 257177
List the prime factors of 160042.
2, 80021
List the prime factors of 281722.
2, 7, 20123
What are the prime factors of 364246?
2, 182123
List the prime factors of 4935817.
4935817
What are the prime factors of 702356?
2, 53, 3313
What are the prime factors of 148921?
148921
What are the prime factors of 6555584?
2, 7, 14633
What are the prime factors of 66904?
2, 8363
What are the prime factors of 404713?
404713
What are the prime factors of 171220?
2, 5, 7, 1223
List the prime factors of 1074403.
11, 97673
List the prime factors of 8361797.
827, 10111
What are the prime factors of 25822026?
2, 3, 19, 75503
What are the prime factors of 2431895?
5, 486379
What are the prime factors of 3447788?
2, 861947
What are the prime factors of 1403370?
2, 3, 5, 31, 503
What are the prime factors of 706369?
706369
List the prime factors of 14617714.
2, 2129, 3433
List the prime factors of 448411.
61, 7351
List the prime factors of 56457.
3, 17, 41
What are the prime factors of 665182?
2, 7, 47513
What are the prime factors of 431650?
2, 5, 89, 97
List the prime factors of 1351625.
5, 11, 983
What are the prime factors of 1202012?
2, 7, 42929
List the prime factors of 6826836.
2, 3, 568903
What are the prime factors of 1688276?
2, 422069
What are the prime factors of 9685394?
2, 71, 68207
What are the prime factors of 1528107?
3, 7, 72767
List the prime factors of 3794486.
2, 1897243
List the prime factors of 202196.
2, 50549
What are the prime factors of 555517?
43, 12919
List the prime factors of 1903230.
2, 3, 5, 7, 19, 53
What are the prime factors of 179692?
2, 167, 269
List the prime factors of 5830532.
2, 1457633
List the prime factors of 4457764.
2, 29, 83, 463
List the prime factors of 822111.
3, 19, 14423
What are the prime factors of 5710163?
5710163
List the prime factors of 138763.
138763
List the prime factors of 14539212.
2, 3, 403867
What are the prime factors of 496